7, 59, 71, 109
List the prime factors of 1223232876.
2, 3, 29, 37, 31667
What are the prime factors of 751257255?
3, 5, 7, 31, 149, 1549
What are the prime factors of 943600752?
2, 3, 728087
List the prime factors of 175106603.
7, 19, 1316591
What are the prime factors of 33548679?
3, 29, 173, 743
List the prime factors of 763122215.
5, 199, 766957
What are the prime factors of 95465094?
2, 3, 15910849
What are the prime factors of 12674293?
43, 294751
What are the prime factors of 164819310?
2, 3, 5, 5493977
List the prime factors of 16648506.
2, 3, 7, 71, 1861
What are the prime factors of 2494541?
7, 50909
List the prime factors of 391811130.
2, 3, 5, 37, 97, 1213
List the prime factors of 146596511.
191, 767521
What are the prime factors of 241761141?
3, 26862349
What are the prime factors of 2683960318?
2, 13, 71, 97, 1153
List the prime factors of 3431055841.
3431055841
What are the prime factors of 106162085?
5, 409, 51913
List the prime factors of 571625687.
2797, 204371
What are the prime factors of 3156959307?
3, 19, 31, 1786621
List the prime factors of 453424641.
3, 191, 791317
List the prime factors of 49700885.
5, 13, 764629
What are the prime factors of 20457715?
5, 17, 229, 1051
List the prime factors of 113325847.
431, 262937
List the prime factors of 156817167.
3, 13, 107, 37579
List the prime factors of 3505450710.
2, 3, 5, 116848357
List the prime factors of 185408015.
5, 13, 281, 10151
List the prime factors of 3252127.
311, 10457
List the prime factors of 437060190.
2, 3, 5, 7, 577, 3607
What are the prime factors of 327053998?
2, 1033, 158303
List the prime factors of 116019357.
3, 38673119
List the prime factors of 32799537.
3, 653, 5581
List the prime factors of 56061822.
2, 3, 9343637
What are the prime factors of 2562126273?
3, 7, 40668671
List the prime factors of 603224300.
2, 5, 7, 307, 401
List the prime factors of 89726864.
2, 23, 10601
List the prime factors of 29792519.
31, 53, 18133
What are the prime factors of 2113197515?
5, 11, 13, 2955521
List the prime factors of 105324403.
105324403
What are the prime factors of 87148950?
2, 3, 5, 7, 71, 167
What are the prime factors of 359794867?
359794867
List the prime factors of 26064406.
2, 977, 13339
What are the prime factors of 39165259?
7, 799291
What are the prime factors of 7750563364?
2, 17, 103, 769, 1439
List the prime factors of 299581832.
2, 11, 29, 89, 1319
List the prime factors of 3182395292.
2, 795598823
List the prime factors of 711622907.
17, 73, 89, 379
List the prime factors of 26877849.
3, 151, 59333
What are the prime factors of 123501898?
2, 13, 4750073
What are the prime factors of 29724931?
71, 499, 839
What are the prime factors of 29162779?
137, 212867
List the prime factors of 7727169987.
3, 17, 571, 29483
List the prime factors of 955401133.
43, 22218631
What are the prime factors of 13197795?
3, 5, 13, 53, 1277
What are the prime factors of 52533412?
2, 2131, 6163
List the prime factors of 812256204.
2, 3, 113, 599009
What are the prime factors of 6861004666?
2, 449, 619, 12343
What are the prime factors of 927603033?
3, 7, 44171573
What are the prime factors of 26285718?
2, 3, 1033, 4241
List the prime factors of 791112599.
61, 293, 44263
What are the prime factors of 5122149395?
5, 11, 127, 733307
What are the prime factors of 7005666?
2, 3, 17, 68683
List the prime factors of 1036856963.
137, 179, 42281
What are the prime factors of 5919522498?
2, 3, 1009, 108643
List the prime factors of 100699888.
2, 23, 273641
List the prime factors of 442127916.
2, 3, 4093777
What are the prime factors of 3442761528?
2, 3, 17, 8438141
What are the prime factors of 874707396?
2, 3, 29, 2513527
List the prime factors of 159835268.
2, 39958817
List the prime factors of 4338629862.
2, 3, 7, 31, 3332281
List the prime factors of 3862470681.
3, 429163409
List the prime factors of 1620511550.
2, 5, 7, 1193, 3881
List the prime factors of 71214609.
3, 23738203
What are the prime factors of 1606019111?
1606019111
What are the prime factors of 4843237595?
5, 7, 79, 1751623
List the prime factors of 173621969.
17, 10213057
What are the prime factors of 67601019?
3, 277, 81349
List the prime factors of 31852697.
31852697
List the prime factors of 56219466.
2, 3, 197, 47563
List the prime factors of 756459137.
7, 108065591
List the prime factors of 1537066665.
3, 5, 2309, 4931
What are the prime factors of 319381832?
2, 7, 11, 79, 6563
What are the prime factors of 228404661?
3, 107, 139, 5119
What are the prime factors of 113163590?
2, 5, 11316359
List the prime factors of 161421280.
2, 5, 367, 2749
List the prime factors of 33548634.
2, 3, 7, 31, 409
List the prime factors of 3433021793.
3433021793
What are the prime factors of 180651587?
180651587
What are the prime factors of 1569195611?
1569195611
List the prime factors of 8592144541.
41, 1621, 129281
List the prime factors of 3363516776.
2, 17, 24731741
List the prime factors of 38983486.
2, 337, 57839
What are the prime factors of 5335284260?
2, 5, 139, 653, 2939
What are the prime factors of 182239611?
3, 60746537
What are the prime factors of 38664320?
2, 5, 60413
What are the prime factors of 70363155?
3, 5, 4690877
List the prime factors of 81893279.
13, 6299483
What are the prime factors of 268719990?
2, 3, 5, 7, 11, 116329
What are the prime factors of 117688840?
2, 5, 2942221
List the prime factors of 186095079.
3, 61, 419, 809
List the prime factors of 734967734.
2, 367483867
What are the prime factors of 155911249?
13, 43, 278911
What are the prime factors of 79683065?
5, 7, 11, 29567
List the prime factors of 1592976487.
1592976487
What are the prime factors of 87949476?
2, 3, 30161
What are the prime factors of 2304782791?
73, 2383, 13249
List the prime factors of 104733216.
2, 3, 7, 17317
What are the prime factors of 103225125?
3, 5, 71, 3877
List the prime factors of 822328616.
2, 149, 689873
List the prime factors of 64423614.
2, 3, 10737269
List the prime factors of 117999019.
117999019
What are the prime factors of 3378565839?
3, 11, 17, 6022399
What are the prime factors of 312211765?
5, 6029, 10357
What are the prime factors of 224665326?
2, 3, 1386823
What are the prime factors of 4698288577?
1453, 3233509
What are the prime factors of 365571007?
365571007
What are the prime factors of 28520709?
3, 7, 83, 16363
What are the prime factors of 254195297?
254195297
List the prime factors of 42866845.
5, 7, 1224767
What are the prime factors of 239546623?
19, 139, 90703
What are the prime factors of 145248204?
2, 3, 17, 353, 2017
What are the prime factors of 13284609?
3, 13, 53, 6427
List the prime factors of 87232805.
5, 11, 911, 1741
List the prime factors of 42213592.
2, 19, 167, 1663
List the prime factors of 36085232.
2, 449, 5023
List the prime factors of 23811762.
2, 3, 13, 23, 1021
What are the prime factors of 1358980882?
2, 7, 97070063
List the prime factors of 4660878804.
2, 3, 109, 439, 8117
What are the prime factors of 873054162?
2, 3, 103, 470903
List the prime factors of 151733521.
151733521
List the prime factors of 1394237408.
2, 29, 631, 2381
List the prime factors of 554246923.
31, 127, 140779
What are the prime factors of 21361478?
2, 10680739
What are the prime factors of 39869432?
2, 29, 171851
List the prime factors of 567286353.
3, 701, 89917
What are the prime factors of 316717388?
2, 13, 6090719
List the prime factors of 18123322.
2, 7, 151, 8573
What are the prime factors of 31275907?
13, 41, 58679
List the prime factors of 6752450847.
3, 17, 379, 349343
What are the prime factors of 760194785?
5, 7, 37, 157, 3739
List the prime factors of 1321334969.
61, 373, 58073
What are the prime factors of 38991992?
2, 13, 23, 16301
What are the prime factors of 15323114?
2, 31, 101, 2447
What are the prime factors of 2311907110?
2, 5, 231190711
List the prime factors of 719686269.
3, 433, 61559
List the prime factors of 1788358377.
3, 13, 41, 919, 1217
What are the prime factors of 387609771?
3, 31, 4167847
List the prime factors of 367595907.
3, 7, 19, 921293
List the prime factors of 5949881518.
2, 7, 101, 4207837
List the prime factors of 3250626753.
3, 11, 43, 157, 14591
What are the prime factors of 22963069?
113, 203213
What are the prime factors of 1028240